{"id":1733,"date":"2023-07-21T07:55:43","date_gmt":"2023-07-21T10:55:43","guid":{"rendered":"https:\/\/franxica.com.br\/blog\/produto\/guia-peitoral-para-cachorro-grande-com-amortecedor-atacado-pet\/"},"modified":"2023-07-25T19:42:05","modified_gmt":"2023-07-25T22:42:05","slug":"guia-peitoral-para-cachorro-grande-com-amortecedor-atacado-pet","status":"publish","type":"product","link":"https:\/\/franxica.com.br\/blog\/produto\/guia-peitoral-para-cachorro-grande-com-amortecedor-atacado-pet\/","title":{"rendered":"Guia Peitoral para Cachorro Grande com Amortecedor Atacado Pet"},"content":{"rendered":"<p>Guia Peitora para Cachorro Grande com Amortecedor Atacado Pet<\/p>\n<p>Peitoral e guia super resistentes.<\/p>\n<p>Possui amortecedor anti-impacto.<\/p>\n<p>Estampas diversas. N\u00e3o \u00e9 poss\u00edvel escolher a cor.<\/p>\n","protected":false},"excerpt":{"rendered":"<p><span style=\"font-size: 14px;\">Guia Peitoral para Cachorro Grande com Amortecedor Atacado Pet<\/span><\/p>\n<p>Peitoral e guia super resistentes.<\/p>\n<p>Regulagem aproximada do peitoral: tamanho minimo 60 cm &#8211; 92 cm tamanho m\u00e1ximo.<\/p>\n<p>Possui amortecedor anti-impacto.<\/p>\n<p>Estampas diversas. N\u00e3o \u00e9 poss\u00edvel escolher a cor.<\/p>\n<p>Indicado para c\u00e3es de porte m\u00e9dio\/grande em m\u00e9dia 30 kg<\/p>\n","protected":false},"featured_media":1732,"template":"","meta":{"neve_meta_sidebar":"","neve_meta_container":"","neve_meta_enable_content_width":"off","neve_meta_content_width":100,"neve_meta_title_alignment":"","neve_meta_author_avatar":"","neve_post_elements_order":"","neve_meta_disable_header":"","neve_meta_disable_footer":"","neve_meta_disable_title":"","_FSMCFIC_featured_image_caption":"","_FSMCFIC_featured_image_nocaption":"","_FSMCFIC_featured_image_hide":""},"product_brand":[],"product_cat":[21,20],"product_tag":[],"class_list":{"0":"post-1733","1":"product","2":"type-product","3":"status-publish","4":"has-post-thumbnail","6":"product_cat-acessorios","7":"product_cat-sem-categoria","9":"first","10":"instock","11":"featured","12":"shipping-taxable","13":"purchasable","14":"product-type-simple"},"_links":{"self":[{"href":"https:\/\/franxica.com.br\/blog\/wp-json\/wp\/v2\/product\/1733","targetHints":{"allow":["GET"]}}],"collection":[{"href":"https:\/\/franxica.com.br\/blog\/wp-json\/wp\/v2\/product"}],"about":[{"href":"https:\/\/franxica.com.br\/blog\/wp-json\/wp\/v2\/types\/product"}],"wp:featuredmedia":[{"embeddable":true,"href":"https:\/\/franxica.com.br\/blog\/wp-json\/wp\/v2\/media\/1732"}],"wp:attachment":[{"href":"https:\/\/franxica.com.br\/blog\/wp-json\/wp\/v2\/media?parent=1733"}],"wp:term":[{"taxonomy":"product_brand","embeddable":true,"href":"https:\/\/franxica.com.br\/blog\/wp-json\/wp\/v2\/product_brand?post=1733"},{"taxonomy":"product_cat","embeddable":true,"href":"https:\/\/franxica.com.br\/blog\/wp-json\/wp\/v2\/product_cat?post=1733"},{"taxonomy":"product_tag","embeddable":true,"href":"https:\/\/franxica.com.br\/blog\/wp-json\/wp\/v2\/product_tag?post=1733"}],"curies":[{"name":"wp","href":"https:\/\/api.w.org\/{rel}","templated":true}]}}