{"id":2192,"date":"2023-11-01T11:19:40","date_gmt":"2023-11-01T14:19:40","guid":{"rendered":"https:\/\/franxica.com.br\/blog\/produto\/brinquedo-varinha-matatabi-para-gato\/"},"modified":"2025-01-07T18:01:02","modified_gmt":"2025-01-07T21:01:02","slug":"brinquedo-varinha-matatabi-para-gato","status":"publish","type":"product","link":"https:\/\/franxica.com.br\/blog\/produto\/brinquedo-varinha-matatabi-para-gato\/","title":{"rendered":"Brinquedo Varinha Matatabi para gato"},"content":{"rendered":"<p>Brinquedo Varinha Matatabi com cat nip para gato<\/p>\n<p>\u00c9 uma varinha de uma planta similar ao cat nip, auxilia a diminui\u00e7\u00e3o do estresse, doen\u00e7as relacionadas ao cortisol e hipertens\u00e3o.\u00a0<\/p>\n<p>Ap\u00f3s um tempo de uso, corte os excessos e continue a usar.<\/p>\n<p>Gata gr\u00e1vida evitar o uso.<\/p>\n<p>100% natural<\/p>\n","protected":false},"excerpt":{"rendered":"<p>Brinquedo Varinha Matatabi com cat nip para gato<\/p>\n<p>\u00c9 uma varinha de uma planta similar ao cat nip, auxilia a diminui\u00e7\u00e3o do estresse, doen\u00e7as relacionadas ao cortisol e hipertens\u00e3o.\u00a0<\/p>\n<p>Ap\u00f3s um tempo de uso, corte os excessos e continue a usar.<\/p>\n<p>Gata gr\u00e1vida evitar o uso.<\/p>\n<p>100% natural<\/p>\n<p>\u00a0<\/p>\n","protected":false},"featured_media":4832,"template":"","meta":{"neve_meta_sidebar":"","neve_meta_container":"","neve_meta_enable_content_width":"","neve_meta_content_width":0,"neve_meta_title_alignment":"","neve_meta_author_avatar":"","neve_post_elements_order":"","neve_meta_disable_header":"","neve_meta_disable_footer":"","neve_meta_disable_title":"","_FSMCFIC_featured_image_caption":"","_FSMCFIC_featured_image_nocaption":"","_FSMCFIC_featured_image_hide":""},"product_brand":[],"product_cat":[23,20],"product_tag":[],"class_list":{"0":"post-2192","1":"product","2":"type-product","3":"status-publish","4":"has-post-thumbnail","6":"product_cat-brinquedos","7":"product_cat-sem-categoria","9":"first","10":"instock","11":"shipping-taxable","12":"purchasable","13":"product-type-simple"},"_links":{"self":[{"href":"https:\/\/franxica.com.br\/blog\/wp-json\/wp\/v2\/product\/2192","targetHints":{"allow":["GET"]}}],"collection":[{"href":"https:\/\/franxica.com.br\/blog\/wp-json\/wp\/v2\/product"}],"about":[{"href":"https:\/\/franxica.com.br\/blog\/wp-json\/wp\/v2\/types\/product"}],"wp:featuredmedia":[{"embeddable":true,"href":"https:\/\/franxica.com.br\/blog\/wp-json\/wp\/v2\/media\/4832"}],"wp:attachment":[{"href":"https:\/\/franxica.com.br\/blog\/wp-json\/wp\/v2\/media?parent=2192"}],"wp:term":[{"taxonomy":"product_brand","embeddable":true,"href":"https:\/\/franxica.com.br\/blog\/wp-json\/wp\/v2\/product_brand?post=2192"},{"taxonomy":"product_cat","embeddable":true,"href":"https:\/\/franxica.com.br\/blog\/wp-json\/wp\/v2\/product_cat?post=2192"},{"taxonomy":"product_tag","embeddable":true,"href":"https:\/\/franxica.com.br\/blog\/wp-json\/wp\/v2\/product_tag?post=2192"}],"curies":[{"name":"wp","href":"https:\/\/api.w.org\/{rel}","templated":true}]}}