{"id":3507,"date":"2024-10-21T15:08:16","date_gmt":"2024-10-21T18:08:16","guid":{"rendered":"https:\/\/franxica.com.br\/blog\/produto\/bola-resistente-6-cm-apito-interno-cm-brinquedo-pet-atacado\/"},"modified":"2024-10-21T15:08:16","modified_gmt":"2024-10-21T18:08:16","slug":"bola-resistente-6-cm-apito-interno-cm-brinquedo-pet-atacado","status":"publish","type":"product","link":"https:\/\/franxica.com.br\/blog\/produto\/bola-resistente-6-cm-apito-interno-cm-brinquedo-pet-atacado\/","title":{"rendered":"Bola Resistente 6 cm Apito Interno cm Brinquedo Pet Atacado"},"content":{"rendered":"<p>Bola Resistente 6 cm Apito Interno cm Brinquedo Pet Atacado<\/p>\n","protected":false},"excerpt":{"rendered":"<p>Bola Resistente 6 cm Apito Interno cm Brinquedo Pet Atacado para Pet Shop<br \/>Brinquedo\u00a0<span style=\"color: #222222;font-family: 'TT Norms Pro', 'Open Sans', Roboto, Arial, Helvetica, sans-serif, SimSun\">feito de borracha n\u00e3o t\u00f3xica.<\/span><\/p>\n<p id=\"tl_4\" style=\"padding: 0px;line-height: inherit;color: #222222;font-family: 'TT Norms Pro', 'Open Sans', Roboto, Arial, Helvetica, sans-serif, SimSun\">Ajuda a reduzir a cria\u00e7\u00e3o de placa dent\u00e1ria e t\u00e1rtaro, evitando assim uma variedade de doen\u00e7as orais.<\/p>\n","protected":false},"featured_media":3503,"template":"","meta":{"neve_meta_sidebar":"","neve_meta_container":"","neve_meta_enable_content_width":"","neve_meta_content_width":0,"neve_meta_title_alignment":"","neve_meta_author_avatar":"","neve_post_elements_order":"","neve_meta_disable_header":"","neve_meta_disable_footer":"","neve_meta_disable_title":"","_FSMCFIC_featured_image_caption":"","_FSMCFIC_featured_image_nocaption":"","_FSMCFIC_featured_image_hide":""},"product_brand":[],"product_cat":[23,20],"product_tag":[],"class_list":{"0":"post-3507","1":"product","2":"type-product","3":"status-publish","4":"has-post-thumbnail","6":"product_cat-brinquedos","7":"product_cat-sem-categoria","9":"first","10":"instock","11":"shipping-taxable","12":"purchasable","13":"product-type-simple"},"_links":{"self":[{"href":"https:\/\/franxica.com.br\/blog\/wp-json\/wp\/v2\/product\/3507","targetHints":{"allow":["GET"]}}],"collection":[{"href":"https:\/\/franxica.com.br\/blog\/wp-json\/wp\/v2\/product"}],"about":[{"href":"https:\/\/franxica.com.br\/blog\/wp-json\/wp\/v2\/types\/product"}],"wp:featuredmedia":[{"embeddable":true,"href":"https:\/\/franxica.com.br\/blog\/wp-json\/wp\/v2\/media\/3503"}],"wp:attachment":[{"href":"https:\/\/franxica.com.br\/blog\/wp-json\/wp\/v2\/media?parent=3507"}],"wp:term":[{"taxonomy":"product_brand","embeddable":true,"href":"https:\/\/franxica.com.br\/blog\/wp-json\/wp\/v2\/product_brand?post=3507"},{"taxonomy":"product_cat","embeddable":true,"href":"https:\/\/franxica.com.br\/blog\/wp-json\/wp\/v2\/product_cat?post=3507"},{"taxonomy":"product_tag","embeddable":true,"href":"https:\/\/franxica.com.br\/blog\/wp-json\/wp\/v2\/product_tag?post=3507"}],"curies":[{"name":"wp","href":"https:\/\/api.w.org\/{rel}","templated":true}]}}