{"id":4214,"date":"2024-11-09T14:20:52","date_gmt":"2024-11-09T17:20:52","guid":{"rendered":"https:\/\/franxica.com.br\/blog\/produto\/lagosta-eletrica-recarregavel-brinquedo-interativo-gatos-caes-atacado-pet-shop\/"},"modified":"2024-11-11T11:15:20","modified_gmt":"2024-11-11T14:15:20","slug":"lagosta-eletrica-recarregavel-brinquedo-interativo-gatos-caes-atacado-pet-shop","status":"publish","type":"product","link":"https:\/\/franxica.com.br\/blog\/produto\/lagosta-eletrica-recarregavel-brinquedo-interativo-gatos-caes-atacado-pet-shop\/","title":{"rendered":"Lagosta El\u00e9trica Recarreg\u00e1vel Brinquedo Interativo Gatos C\u00e3es Atacado Pet Shop"},"content":{"rendered":"<div style=\"width: 478px;\" class=\"wp-video\"><!--[if lt IE 9]><script>document.createElement('video');<\/script><![endif]-->\n<video class=\"wp-video-shortcode\" id=\"video-4214-1\" width=\"478\" height=\"850\" preload=\"metadata\" controls=\"controls\"><source type=\"video\/mp4\" src=\"https:\/\/franxica.com.br\/blog\/wp-content\/uploads\/2024\/11\/VID-20241111-WA0008.mp4?_=1\" \/><a href=\"https:\/\/franxica.com.br\/blog\/wp-content\/uploads\/2024\/11\/VID-20241111-WA0008.mp4\">https:\/\/franxica.com.br\/blog\/wp-content\/uploads\/2024\/11\/VID-20241111-WA0008.mp4<\/a><\/video><\/div>\n<p>Lagosta El\u00e9trica Recarreg\u00e1vel Brinquedo Interativo Gatos C\u00e3es Atacado Pet Shop<\/p>\n<p>Cont\u00e9m:<\/p>\n<p>1x Brinquedo el\u00e9trico lagosta recarreg\u00e1vel<\/p>\n<p>1x Cabo usb<\/p>\n<p>Material: Poli\u00e9ster, Algod\u00e3o, Componentes Eletr\u00f4nicos<\/p>\n","protected":false},"excerpt":{"rendered":"<p>Lagosta El\u00e9trica Recarreg\u00e1vel Brinquedo Interativo Gatos C\u00e3es Atacado Pet Shop<\/p>\n<p>Cont\u00e9m:<\/p>\n<p>1x Brinquedo el\u00e9trico lagosta recarreg\u00e1vel<\/p>\n<p>1x Cabo usb<\/p>\n<p>Material: Poli\u00e9ster, Algod\u00e3o, Componentes Eletr\u00f4nicos<\/p>\n","protected":false},"featured_media":4212,"template":"","meta":{"neve_meta_sidebar":"","neve_meta_container":"","neve_meta_enable_content_width":"off","neve_meta_content_width":100,"neve_meta_title_alignment":"","neve_meta_author_avatar":"","neve_post_elements_order":"","neve_meta_disable_header":"","neve_meta_disable_footer":"","neve_meta_disable_title":"","_FSMCFIC_featured_image_caption":"","_FSMCFIC_featured_image_nocaption":"","_FSMCFIC_featured_image_hide":""},"product_brand":[],"product_cat":[23,20],"product_tag":[],"class_list":{"0":"post-4214","1":"product","2":"type-product","3":"status-publish","4":"has-post-thumbnail","6":"product_cat-brinquedos","7":"product_cat-sem-categoria","9":"first","10":"instock","11":"shipping-taxable","12":"purchasable","13":"product-type-simple"},"_links":{"self":[{"href":"https:\/\/franxica.com.br\/blog\/wp-json\/wp\/v2\/product\/4214","targetHints":{"allow":["GET"]}}],"collection":[{"href":"https:\/\/franxica.com.br\/blog\/wp-json\/wp\/v2\/product"}],"about":[{"href":"https:\/\/franxica.com.br\/blog\/wp-json\/wp\/v2\/types\/product"}],"wp:featuredmedia":[{"embeddable":true,"href":"https:\/\/franxica.com.br\/blog\/wp-json\/wp\/v2\/media\/4212"}],"wp:attachment":[{"href":"https:\/\/franxica.com.br\/blog\/wp-json\/wp\/v2\/media?parent=4214"}],"wp:term":[{"taxonomy":"product_brand","embeddable":true,"href":"https:\/\/franxica.com.br\/blog\/wp-json\/wp\/v2\/product_brand?post=4214"},{"taxonomy":"product_cat","embeddable":true,"href":"https:\/\/franxica.com.br\/blog\/wp-json\/wp\/v2\/product_cat?post=4214"},{"taxonomy":"product_tag","embeddable":true,"href":"https:\/\/franxica.com.br\/blog\/wp-json\/wp\/v2\/product_tag?post=4214"}],"curies":[{"name":"wp","href":"https:\/\/api.w.org\/{rel}","templated":true}]}}