{"id":4420,"date":"2024-11-15T15:58:21","date_gmt":"2024-11-15T18:58:21","guid":{"rendered":"https:\/\/franxica.com.br\/blog\/produto\/corda-grande-c-pneu-de-borracha-brinquedo-p-cachorro-atacado-pet-shop\/"},"modified":"2024-11-15T15:58:21","modified_gmt":"2024-11-15T18:58:21","slug":"corda-grande-c-pneu-de-borracha-brinquedo-p-cachorro-atacado-pet-shop","status":"publish","type":"product","link":"https:\/\/franxica.com.br\/blog\/produto\/corda-grande-c-pneu-de-borracha-brinquedo-p-cachorro-atacado-pet-shop\/","title":{"rendered":"Corda Grande c\/ Pneu de Borracha Brinquedo p\/ Cachorro Atacado Pet Shop"},"content":{"rendered":"<p>Mordedor corda c\/ pneu de borracha brinquedo p\/ cachorro atacado pet shop<\/p>\n<p>Brinquedo Indicado para cachorros de m\u00e9dio e grande porte.<\/p>\n<p>Tamanho aproximado 56 cm<\/p>\n<p>Ser\u00e3o enviadas cores aleat\u00f3rias.<\/p>\n<p>N\u00e3o \u00e9 poss\u00edvel escolher a cor da corda<\/p>\n","protected":false},"excerpt":{"rendered":"<p>Mordedor corda c\/ pneu de borracha brinquedo p\/ cachorro atacado pet shop<\/p>\n<p>Brinquedo Indicado para cachorros de m\u00e9dio e grande porte.<\/p>\n<p>Tamanho aproximado 56 cm<\/p>\n<p>Ser\u00e3o enviadas cores aleat\u00f3rias.<\/p>\n<p>N\u00e3o \u00e9 poss\u00edvel escolher a cor da corda<\/p>\n<p>\u00a0<\/p>\n","protected":false},"featured_media":4417,"template":"","meta":{"neve_meta_sidebar":"","neve_meta_container":"","neve_meta_enable_content_width":"","neve_meta_content_width":0,"neve_meta_title_alignment":"","neve_meta_author_avatar":"","neve_post_elements_order":"","neve_meta_disable_header":"","neve_meta_disable_footer":"","neve_meta_disable_title":"","_FSMCFIC_featured_image_caption":"","_FSMCFIC_featured_image_nocaption":"","_FSMCFIC_featured_image_hide":""},"product_brand":[],"product_cat":[23,20],"product_tag":[],"class_list":{"0":"post-4420","1":"product","2":"type-product","3":"status-publish","4":"has-post-thumbnail","6":"product_cat-brinquedos","7":"product_cat-sem-categoria","9":"first","10":"instock","11":"shipping-taxable","12":"purchasable","13":"product-type-simple"},"_links":{"self":[{"href":"https:\/\/franxica.com.br\/blog\/wp-json\/wp\/v2\/product\/4420","targetHints":{"allow":["GET"]}}],"collection":[{"href":"https:\/\/franxica.com.br\/blog\/wp-json\/wp\/v2\/product"}],"about":[{"href":"https:\/\/franxica.com.br\/blog\/wp-json\/wp\/v2\/types\/product"}],"wp:featuredmedia":[{"embeddable":true,"href":"https:\/\/franxica.com.br\/blog\/wp-json\/wp\/v2\/media\/4417"}],"wp:attachment":[{"href":"https:\/\/franxica.com.br\/blog\/wp-json\/wp\/v2\/media?parent=4420"}],"wp:term":[{"taxonomy":"product_brand","embeddable":true,"href":"https:\/\/franxica.com.br\/blog\/wp-json\/wp\/v2\/product_brand?post=4420"},{"taxonomy":"product_cat","embeddable":true,"href":"https:\/\/franxica.com.br\/blog\/wp-json\/wp\/v2\/product_cat?post=4420"},{"taxonomy":"product_tag","embeddable":true,"href":"https:\/\/franxica.com.br\/blog\/wp-json\/wp\/v2\/product_tag?post=4420"}],"curies":[{"name":"wp","href":"https:\/\/api.w.org\/{rel}","templated":true}]}}