{"id":444,"date":"2023-07-02T10:48:08","date_gmt":"2023-07-02T13:48:08","guid":{"rendered":"https:\/\/franxica.com.br\/blog\/produto\/peitoral-cartela-com-12-un-caes-racas-pequenas-cores-variadas\/"},"modified":"2024-12-16T11:35:16","modified_gmt":"2024-12-16T14:35:16","slug":"peitoral-cartela-com-12-un-caes-racas-pequenas-cores-variadas","status":"publish","type":"product","link":"https:\/\/franxica.com.br\/blog\/produto\/peitoral-cartela-com-12-un-caes-racas-pequenas-cores-variadas\/","title":{"rendered":"Peitoral Cartela com 12 un C\u00e3es Ra\u00e7as Pequenas Cores Variadas"},"content":{"rendered":"<p>Peitoral Cartela com 12 un C\u00e3es Ra\u00e7as Pequenas Cores Variadas<\/p>\n<p>Para c\u00e3es de pequeno porte.<\/p>\n<p>Peitoral com guia e ferragens de \u00f3tima qualidade.<\/p>\n","protected":false},"excerpt":{"rendered":"<p>Peitoral Cartela com 12 un C\u00e3es Ra\u00e7as Pequenas Cores Variadas<\/p>\n<p>Para c\u00e3es de pequeno porte.<\/p>\n<p>Peitoral com guia e ferragens de \u00f3tima qualidade.<\/p>\n","protected":false},"featured_media":4579,"template":"","meta":{"neve_meta_sidebar":"","neve_meta_container":"","neve_meta_enable_content_width":"off","neve_meta_content_width":100,"neve_meta_title_alignment":"","neve_meta_author_avatar":"","neve_post_elements_order":"","neve_meta_disable_header":"","neve_meta_disable_footer":"","neve_meta_disable_title":"","_FSMCFIC_featured_image_caption":"","_FSMCFIC_featured_image_nocaption":"","_FSMCFIC_featured_image_hide":""},"product_brand":[],"product_cat":[21,20],"product_tag":[],"class_list":{"0":"post-444","1":"product","2":"type-product","3":"status-publish","4":"has-post-thumbnail","6":"product_cat-acessorios","7":"product_cat-sem-categoria","9":"first","10":"instock","11":"shipping-taxable","12":"purchasable","13":"product-type-simple"},"_links":{"self":[{"href":"https:\/\/franxica.com.br\/blog\/wp-json\/wp\/v2\/product\/444","targetHints":{"allow":["GET"]}}],"collection":[{"href":"https:\/\/franxica.com.br\/blog\/wp-json\/wp\/v2\/product"}],"about":[{"href":"https:\/\/franxica.com.br\/blog\/wp-json\/wp\/v2\/types\/product"}],"wp:featuredmedia":[{"embeddable":true,"href":"https:\/\/franxica.com.br\/blog\/wp-json\/wp\/v2\/media\/4579"}],"wp:attachment":[{"href":"https:\/\/franxica.com.br\/blog\/wp-json\/wp\/v2\/media?parent=444"}],"wp:term":[{"taxonomy":"product_brand","embeddable":true,"href":"https:\/\/franxica.com.br\/blog\/wp-json\/wp\/v2\/product_brand?post=444"},{"taxonomy":"product_cat","embeddable":true,"href":"https:\/\/franxica.com.br\/blog\/wp-json\/wp\/v2\/product_cat?post=444"},{"taxonomy":"product_tag","embeddable":true,"href":"https:\/\/franxica.com.br\/blog\/wp-json\/wp\/v2\/product_tag?post=444"}],"curies":[{"name":"wp","href":"https:\/\/api.w.org\/{rel}","templated":true}]}}