{"id":489,"date":"2023-07-02T10:49:26","date_gmt":"2023-07-02T13:49:26","guid":{"rendered":"https:\/\/franxica.com.br\/blog\/produto\/postinho-cone-educador-sanitario-para-pet-xixi-pipi-stop\/"},"modified":"2023-07-17T12:04:26","modified_gmt":"2023-07-17T15:04:26","slug":"postinho-cone-educador-sanitario-para-pet-xixi-pipi-stop","status":"publish","type":"product","link":"https:\/\/franxica.com.br\/blog\/produto\/postinho-cone-educador-sanitario-para-pet-xixi-pipi-stop\/","title":{"rendered":"Postinho Cone Educador Sanit\u00e1rio Para Pet Xixi Pipi Stop Atacado Pet"},"content":{"rendered":"<p><span style=\"color: #666666; font-family: Proxima Nova, -apple-system, Helvetica Neue, Helvetica, Roboto, Arial, sans-serif;\"><span style=\"font-size: 20px;\">Postinho Cone Educador Sanit\u00e1rio Para Pet Xixi Pipi Stop<\/span><\/span><br style=\"margin: 0px; padding: 0px; color: #666666; font-family: 'Proxima Nova', -apple-system, 'Helvetica Neue', Helvetica, Roboto, Arial, sans-serif; font-size: 20px;\" \/><span style=\"color: #666666; font-family: 'Proxima Nova', -apple-system, 'Helvetica Neue', Helvetica, Roboto, Arial, sans-serif; font-size: 20px;\">Postinho 100% em polipropileno de alta qualidade e de alta durabilidade<\/span><br style=\"margin: 0px; padding: 0px; color: #666666; font-family: 'Proxima Nova', -apple-system, 'Helvetica Neue', Helvetica, Roboto, Arial, sans-serif; font-size: 20px;\" \/><span style=\"color: #666666; font-family: 'Proxima Nova', -apple-system, 'Helvetica Neue', Helvetica, Roboto, Arial, sans-serif; font-size: 20px;\">Ideal para ra\u00e7as pequenas<\/span><br style=\"margin: 0px; padding: 0px; color: #666666; font-family: 'Proxima Nova', -apple-system, 'Helvetica Neue', Helvetica, Roboto, Arial, sans-serif; font-size: 20px;\" \/><span style=\"color: #666666; font-family: 'Proxima Nova', -apple-system, 'Helvetica Neue', Helvetica, Roboto, Arial, sans-serif; font-size: 20px;\">Ajuda a educar os cachorros machos<\/span><br style=\"margin: 0px; padding: 0px; color: #666666; font-family: 'Proxima Nova', -apple-system, 'Helvetica Neue', Helvetica, Roboto, Arial, sans-serif; font-size: 20px;\" \/><span style=\"color: #666666; font-family: 'Proxima Nova', -apple-system, 'Helvetica Neue', Helvetica, Roboto, Arial, sans-serif; font-size: 20px;\">F\u00e1cil de lavar e higienizar<\/span><\/p>\n<p><span style=\"color: #666666; font-family: 'Proxima Nova', -apple-system, 'Helvetica Neue', Helvetica, Roboto, Arial, sans-serif; font-size: 20px;\">Feita com material resistente, garantindo maior durabilidade<\/span><br style=\"margin: 0px; padding: 0px; color: #666666; font-family: 'Proxima Nova', -apple-system, 'Helvetica Neue', Helvetica, Roboto, Arial, sans-serif; font-size: 20px;\" \/><span style=\"color: #666666; font-family: 'Proxima Nova', -apple-system, 'Helvetica Neue', Helvetica, Roboto, Arial, sans-serif; font-size: 20px;\">Medidas aproximadas:<\/span><br style=\"margin: 0px; padding: 0px; color: #666666; font-family: 'Proxima Nova', -apple-system, 'Helvetica Neue', Helvetica, Roboto, Arial, sans-serif; font-size: 20px;\" \/><span style=\"color: #666666; font-family: 'Proxima Nova', -apple-system, 'Helvetica Neue', Helvetica, Roboto, Arial, sans-serif; font-size: 20px;\">Altura 25 cm X Base 15,5 cm x Topo 3,5 cm<\/span><br style=\"margin: 0px; padding: 0px; color: #666666; font-family: 'Proxima Nova', -apple-system, 'Helvetica Neue', Helvetica, Roboto, Arial, sans-serif; font-size: 20px;\" \/><span style=\"color: #666666; font-family: 'Proxima Nova', -apple-system, 'Helvetica Neue', Helvetica, Roboto, Arial, sans-serif; font-size: 20px;\">Peso aproximado do produto<\/span><br style=\"margin: 0px; padding: 0px; color: #666666; font-family: 'Proxima Nova', -apple-system, 'Helvetica Neue', Helvetica, Roboto, Arial, sans-serif; font-size: 20px;\" \/><span style=\"color: #666666; font-family: 'Proxima Nova', -apple-system, 'Helvetica Neue', Helvetica, Roboto, Arial, sans-serif; font-size: 20px;\">0,125 kg<\/span><\/p>\n<p><span style=\"color: #666666; font-family: 'Proxima Nova', -apple-system, 'Helvetica Neue', Helvetica, Roboto, Arial, sans-serif; font-size: 20px;\">Aten\u00e7\u00e3o: N\u00e3o \u00e9 poss\u00edvel escolher a cor do produto. Ser\u00e1 enviado de acordo com a disponibilidade em estoque.<\/span><\/p>\n","protected":false},"excerpt":{"rendered":"<p><span style=\"color: #666666; font-family: Proxima Nova, -apple-system, Helvetica Neue, Helvetica, Roboto, Arial, sans-serif;\"><span style=\"font-size: 20px;\">Postinho Cone Educador Sanit\u00e1rio Para Pet Xixi Pipi Stop<\/span><\/span><br style=\"margin: 0px; padding: 0px; color: #666666; font-family: 'Proxima Nova', -apple-system, 'Helvetica Neue', Helvetica, Roboto, Arial, sans-serif; font-size: 20px;\" \/><span style=\"color: #666666; font-family: 'Proxima Nova', -apple-system, 'Helvetica Neue', Helvetica, Roboto, Arial, sans-serif; font-size: 20px;\">Postinho 100% em polipropileno de alta qualidade e de alta durabilidade<\/span><br style=\"margin: 0px; padding: 0px; color: #666666; font-family: 'Proxima Nova', -apple-system, 'Helvetica Neue', Helvetica, Roboto, Arial, sans-serif; font-size: 20px;\" \/><span style=\"color: #666666; font-family: 'Proxima Nova', -apple-system, 'Helvetica Neue', Helvetica, Roboto, Arial, sans-serif; font-size: 20px;\">Ideal para ra\u00e7as pequenas<\/span><br style=\"margin: 0px; padding: 0px; color: #666666; font-family: 'Proxima Nova', -apple-system, 'Helvetica Neue', Helvetica, Roboto, Arial, sans-serif; font-size: 20px;\" \/><span style=\"color: #666666; font-family: 'Proxima Nova', -apple-system, 'Helvetica Neue', Helvetica, Roboto, Arial, sans-serif; font-size: 20px;\">Ajuda a educar os cachorros machos<\/span><br style=\"margin: 0px; padding: 0px; color: #666666; font-family: 'Proxima Nova', -apple-system, 'Helvetica Neue', Helvetica, Roboto, Arial, sans-serif; font-size: 20px;\" \/><span style=\"color: #666666; font-family: 'Proxima Nova', -apple-system, 'Helvetica Neue', Helvetica, Roboto, Arial, sans-serif; font-size: 20px;\">F\u00e1cil de lavar e higienizar<\/span><\/p>\n<p><span style=\"color: #666666; font-family: 'Proxima Nova', -apple-system, 'Helvetica Neue', Helvetica, Roboto, Arial, sans-serif; font-size: 20px;\">Feita com material resistente, garantindo maior durabilidade<\/span><br style=\"margin: 0px; padding: 0px; color: #666666; font-family: 'Proxima Nova', -apple-system, 'Helvetica Neue', Helvetica, Roboto, Arial, sans-serif; font-size: 20px;\" \/><span style=\"color: #666666; font-family: 'Proxima Nova', -apple-system, 'Helvetica Neue', Helvetica, Roboto, Arial, sans-serif; font-size: 20px;\">Medidas aproximadas:<\/span><br style=\"margin: 0px; padding: 0px; color: #666666; font-family: 'Proxima Nova', -apple-system, 'Helvetica Neue', Helvetica, Roboto, Arial, sans-serif; font-size: 20px;\" \/><span style=\"color: #666666; font-family: 'Proxima Nova', -apple-system, 'Helvetica Neue', Helvetica, Roboto, Arial, sans-serif; font-size: 20px;\">Altura 25 cm X Base 15,5 cm x Topo 3,5 cm<\/span><br style=\"margin: 0px; padding: 0px; color: #666666; font-family: 'Proxima Nova', -apple-system, 'Helvetica Neue', Helvetica, Roboto, Arial, sans-serif; font-size: 20px;\" \/><span style=\"color: #666666; font-family: 'Proxima Nova', -apple-system, 'Helvetica Neue', Helvetica, Roboto, Arial, sans-serif; font-size: 20px;\">Peso aproximado do produto<\/span><br style=\"margin: 0px; padding: 0px; color: #666666; font-family: 'Proxima Nova', -apple-system, 'Helvetica Neue', Helvetica, Roboto, Arial, sans-serif; font-size: 20px;\" \/><span style=\"color: #666666; font-family: 'Proxima Nova', -apple-system, 'Helvetica Neue', Helvetica, Roboto, Arial, sans-serif; font-size: 20px;\">0,125 kg<\/span><\/p>\n<p><span style=\"color: #666666; font-family: 'Proxima Nova', -apple-system, 'Helvetica Neue', Helvetica, Roboto, Arial, sans-serif; font-size: 20px;\">Aten\u00e7\u00e3o: N\u00e3o \u00e9 poss\u00edvel escolher a cor do produto. Ser\u00e1 enviado de acordo com a disponibilidade em estoque.<\/span><\/p>\n<p><a href=\"https:\/\/franxica.com.br\/blog\/como-comprar\/\"><img decoding=\"async\" class=\"alignnone size-full wp-image-1691\" src=\"https:\/\/franxica.com.br\/blog\/wp-content\/uploads\/2023\/07\/Como-comprar-150x100-1.jpg\" alt=\"\" width=\"150\" height=\"100\" \/><\/a><\/p>\n","protected":false},"featured_media":486,"template":"","meta":{"neve_meta_sidebar":"","neve_meta_container":"","neve_meta_enable_content_width":"off","neve_meta_content_width":100,"neve_meta_title_alignment":"","neve_meta_author_avatar":"","neve_post_elements_order":"","neve_meta_disable_header":"","neve_meta_disable_footer":"","neve_meta_disable_title":"","_FSMCFIC_featured_image_caption":"","_FSMCFIC_featured_image_nocaption":"","_FSMCFIC_featured_image_hide":""},"product_brand":[],"product_cat":[21,20],"product_tag":[],"class_list":{"0":"post-489","1":"product","2":"type-product","3":"status-publish","4":"has-post-thumbnail","6":"product_cat-acessorios","7":"product_cat-sem-categoria","9":"first","10":"instock","11":"shipping-taxable","12":"purchasable","13":"product-type-simple"},"_links":{"self":[{"href":"https:\/\/franxica.com.br\/blog\/wp-json\/wp\/v2\/product\/489","targetHints":{"allow":["GET"]}}],"collection":[{"href":"https:\/\/franxica.com.br\/blog\/wp-json\/wp\/v2\/product"}],"about":[{"href":"https:\/\/franxica.com.br\/blog\/wp-json\/wp\/v2\/types\/product"}],"wp:featuredmedia":[{"embeddable":true,"href":"https:\/\/franxica.com.br\/blog\/wp-json\/wp\/v2\/media\/486"}],"wp:attachment":[{"href":"https:\/\/franxica.com.br\/blog\/wp-json\/wp\/v2\/media?parent=489"}],"wp:term":[{"taxonomy":"product_brand","embeddable":true,"href":"https:\/\/franxica.com.br\/blog\/wp-json\/wp\/v2\/product_brand?post=489"},{"taxonomy":"product_cat","embeddable":true,"href":"https:\/\/franxica.com.br\/blog\/wp-json\/wp\/v2\/product_cat?post=489"},{"taxonomy":"product_tag","embeddable":true,"href":"https:\/\/franxica.com.br\/blog\/wp-json\/wp\/v2\/product_tag?post=489"}],"curies":[{"name":"wp","href":"https:\/\/api.w.org\/{rel}","templated":true}]}}